-1.
0
22 + -25 + -3 + 2 + 9
5
Calculate -5 + 4 + 4 + -5.
-2
Calculate -5 - (-2 + (4 - 2)).
-5
Calculate 8 + -16 + 9 + 0.
1
Calculate (5 - 3 - -3) + -10 + 6.
1
11 - (-10 + (-2 - -17))
6
What is 1 + (-1 - 3) + -1?
-4
Calculate 1 - (-6 - 1) - 4.
4
Calculate 2 + (1 - (-2 + 3)) - -3.
5
Evaluate -19 - -10 - (-2 + 1).
-8
-56 + 42 - (-9 + 1)
-6
What is 4 - (8 - (1 + 6))?
3
Calculate -2 + 2 - ((0 - 0) + -1).
1
Evaluate 5 - -3 - (11 - 5).
2
Evaluate -4 - 7 - -6 - -4.
-1
Calculate -11 - (-2 - (-11 + 21)).
1
What is 0 - (1 + (3 - 4)) - 1?
-1
What is the value of (-5 - (1 - 1)) + (0 - -7)?
2
What is -6 + 3 - -6 - 1?
2
Evaluate -3 + (0 - 1 - -3).
-1
What is -5 - -10 - (12 + -3) - 0?
-4
What is the value of (0 - -3 - 7) + 8?
4
What is 5 - (3 - (-3 + 4 - 2))?
1
What is the value of 1 + (3 + 1 - 9)?
-4
2 + -1 + 2 + -1
2
Calculate -8 + 1 + 4 + 3.
0
Evaluate 5 + (-2 - -5) - (7 + -2).
3
What is the value of (-3 - (3 + -4 + -4)) + -2?
0
-1 + 7 + -2 + -12
-8
What is the value of -84 + 84 + 0 + -4 + 2?
-2
What is the value of 6 - (-20 - -13 - -6)?
7
Calculate 15 + -3 + -22 + 10.
0
-2 + (-7 - -8) - (-7 - -3)
3
-2 + 2 - (-1 + 0)
1
(5 - 1) + -3 - 0
1
Calculate -2 - ((-2 - -5) + -3) - 1.
-3
What is -2 + -6 + (-3 - -8)?
-3
-3 + 0 + (14 - 7) + -1
3
3 + (3 + -5 + 2 - 7)
-4
What is the value of (3 - 0) + (-48 - -45)?
0
What is (-3 - -3) + -4 + 9?
5
Calculate 16 + 0 + -6 + -2 + -13.
-5
Calculate -102 + 92 - (0 - 1 - 0).
-9
-3 - -7 - (4 - 1) - 5
-4
What is -14 - -17 - (-3 + 4 + 6)?
-4
What is -3 - (-6 - -1 - -6)?
-4
2 + (-8 - -5 - -2)
1
What is (-7 - -5) + -1 + 10?
7
4 + 4 + 2 - 5 - 4
1
Evaluate 0 - (10 - (14 + -8)).
-4
Evaluate 3 - 6 - -2 - 4.
-5
Evaluate 1 + -4 - (4 - 1 - 3).
-3
What is -1 + -4 - (-5 - -3 - 0)?
-3
Evaluate -3 + 2 + (-7 - -2) + 13.
7
Calculate 2 - (-3 - (5 + -7 - -2)).
5
What is the value of -4 + 4 - (2 - 2)?
0
Evaluate -3 + (-7 - (-5 + -2)).
-3
What is the value of 0 + (-1 - (-2 - -4))?
-3
2 + (-9 - (-3 + -2))
-2
What is -3 - (4 + -1 + -7)?
1
Evaluate -8 + 16 + -20 + (-1 - -11).
-2
Calculate -2 - (-4 - (4 + -10)).
-4
What is the value of 1 + 0 + (1 - -1 - 1)?
2
Evaluate -4 + 3 + (0 - 0) + 2.
1
Calculate 6 - (0 - -11) - (8 - 11).
-2
What is 1 + 10 + -63 + 43?
-9
Calculate (-23 - (-25 - -7)) + (0 - -6).
1
Evaluate 36 + -18 - (12 - 3).
9
Calculate 10 + -7 + (2 - 9).
-4
Evaluate 3 - (3 - (3 + -5) - -1).
-3
What is the value of (3 - (4 + 6)) + 3?
-4
What is the value of 2 + 4 + -7 + 4 + -3?
0
5 - ((-3 - -4) + (-1 - -7))
-2
What is the value of -8 - (-2 - 6) - 7?
-7
Evaluate 7 - 12 - (0 + -1 + 1).
-5
What is the value of -5 + 13 + -11 - -2?
-1
Calculate -7 + 3 + 11 + -4 + 3.
6
Calculate 1 + (1 - 5) - (47 + -45).
-5
What is -9 + -1 - (-3 - -1)?
-8
0 - 2 - (9 + -11)
0
8 + (3 - 8) - (0 - 1)
4
What is -15 + 21 + (-4 - 0)?
2
What is the value of (-4 + 3 - 2) + 1?
-2
What is the value of -7 + (7 - (3 - -2) - -6)?
1
What is (-1 - (-1 - -2)) + 10 + -6?
2
What is the value of -5 - -17 - (-6 - -9)?
9
What is -9 + 14 + 2 + -11?
-4
-9 + (-7 - 1) + 20
3
1 + (-7 - (6 - 9))
-3
What is the value of (-11 - -22) + (1 - 15)?
-3
What is (-4 - (-2 - 4) - -3) + -7?
-2
-3 - (1 + 3 + -4) - -3
0
What is 1 + -1 + (16 - 18)?
-2
Evaluate (-8 - -3) + 0 - (-2 + 0).
-3
What is the value of (2 - 1 - 5) + 265 + -252?
9
Evaluate -1 - (3 + -1 - 11).
8
What is the value of -8 + 19 + -17 + 0 + 1?
-5
-6 - (2 + -14 - (-7 + 2))
1
What is -2 + 3 + -8 + 10 + 5?
8
Evaluate (-1 - (4 - -1)) + 1.
-5
Calculate -20 + 21 - (5 + 2 + -1).
-5
-8 + 4 + 4 + -3 - -6
3
(-5 - 1) + (10 - (0 + 12))
-8
What is 5 - (13 + -13) - (8 + 0)?
-3
Calculate 11 - (-2 - 3 - -11).
5
Evaluate -2 + 8 - 7 - (-4 + 3).
0
What is 1 - 4 - -9 - 3?
3
What is the value of (5 - 18) + 0 + 2 + 3?
-8
What is -36 + 45 + -2 + (-1 - 0)?
6
Calculate 3 - 4 - -3 - 2.
0
Evaluate -14 - -20 - (5 - 1).
2
What is 0 - (3 + (-8 - -3))?
2
4 + -8 - 5 - -4
-5
Calculate (4 - (5 - -3)) + 2 + 1.
-1
-4 + -4 + 8 - -6
6
What is the value of 1 + (12 - 2 - 2) + -4?
5
Calculate (9 - (-1 - -5)) + -2.
3
What is (0 - (6 - 9)) + -10?
-7
Calculate (3 - 3) + (5 - -3) + -4.
4
-24 + 18 + 3 + 4
1
What is the value of 54 + -64 - (-2 + -12)?
4
-1 - (-6 - 0) - 7
-2
Evaluate 5 - -1 - (-19 - (16 - 43)).
-2
What is 1 + 3 + (3 - 4)?
3
Evaluate 7 + -3 - (-38 - -48).
-6
What is -1 - 0 - (-4 + 7)?
-4
Evaluate -4 + (5 - 10 - (-17 + 1)).
7
What is 3 - -1 - (-19 - -21)?
2
Evaluate -13 + 8 + 4 - (2 - -1).
-4
What is the value of (-1 - 4) + -2 + (14 - 5)?
2
Calculate -3 + (-2 - -8) + (-1 - 2).
0
1 - ((-12 - -5 - -9) + -4)
3
Evaluate 2 + 2 + (3 - 10 - -9).
6
What is the value of 1 - (-9 + 1 - -9)?
0
-3 + (-10 - (1 - -2 - 7))
-9
What is -1 - (-6 + (21 - 9))?
-7
What is -3 - (6 + (-14 - -1))?
4
What is the value of (-35 - -24) + (-2 - -9)?
-4
Evaluate 3 + -5 - (-3 + 1 + 1).
-1
What is the value of (-2 - 1) + -2 + 4?
-1
What is the value of 6 + 13 + -5 + -5?
9
Evaluate (6 - -4 - 6) + (-1 - 9).
-6
What is (-5 - (5 + -15)) + -4 + 1?
2
What is the value of -2 + (-1 - -3) + -2?
-2
What is the value of 1 + -1 - (8 + -3)?
-5
Calculate 7 + -9 + (3 - -6).
7
Calculate -14 - (-28 - (-10 - -5)).
9
What is -125 + 119 + (2 - 1) + 2?
-3
2 - (-6 - (-3 - 6))
-1
What is -2 + 1 + 3 - 0?
2
What is the value of -3 + 3 + (-1 - 0)?
-1
Calculate -3 + 1 + 1 + -4 - -1.
-4
What is 16 - (-11 + (11 - -12))?
4
Evaluate -1 + 1 + (-9 - -7).
-2
Calculate 4 - 6 - (0 + -5) - -1.
4
What is 9 - (4 - (-2 - (-6 + 6)))?
3
Evaluate 1 + -6 + (-7 - -13).
1
1 - -4 - (-73 + 75)
3
What is the value of (-8 - 2 - -5) + -2?
-7
What is (2 - -4 - 5) + 5?
6
What is the value of 1 + (-7 - (10 + -6))?
-10
Calculate 11 + 0 + (-124 - -119).
6
What is the value of -3 + 6 + 7 + -1 + -8?
1
What is 0 - -1 - (5 + -10 + 9)?
-3
(-1 - (-4 - -6)) + 4
1
Calculate 7 + -3 - 1 - 8.
-5
0 - (-5 + -6 + 4 + 1)
6
-1 - 1 - (14 - 5 - 6)
-5
What is the value of 0 - (1 - (4 - 7) - 0)?
-4
What is 0 + (-4 - (5 - 4))?
-5
What is the value of (-13 - -5) + -2 + 6 - -1?
-3
Evaluate -3 - (-2 + 2) - 2.
-5
What is the value of 0 - 5 - (41 + -49)?
3
What is the value of 12 - (7 + -2) - 12?
-5
-3 + -4 + -1 + 6 + -4
-6
Calculate 3 - ((0 - (3 - 0)) + 1).
5
Evaluate (-2 - -4) + -16 + 10.
-4
What is 2 + (2 - (1 + -3 + 7))?
-1
Evaluate 2 + -1 - (6 - 10).
5
Calculate -10 - (-3 - -11 - 18).
0
Calculate -2 - (7 - 17 - (1 - 6)).
3
What is the value of 3 - 3 - (-17 - -16)?
1
Calculate 1 + (-6 - 2) + 6.
-1
Evaluate 44 + -43 - ((1 - 1) + -2).
3
Evaluate 8 - (4 + (11 - 5)).
-2
9 - (-8 + (13 - (11 - 6)))
9
-2 - ((-4 - -1) + 0) - -4
5
(-2 - (1 - -10)) + 15 + -9
-7
Calculate 0 - (39 + -45 + 0 + 2).
4
Calculate 3 + 1 + (-7 - 0).
-3
Calculate (3 - (-1 + 2)) + (-4 - -9).
7
What is (-2 - (-11 + 4)) + -3?
2
Calculate (-4 + 0 - -5) + 1.
2
What is (1 - -1) + (4 - 5)?
1
What is the value of -1 + 4 - (-3 + 5)?
1
What is 7 - (-3 + 4 + 3) - -1?
4
Evaluate (4 - 3) + (-2 - -3) - -3.
5
(0 - 0 - -6) + -12 + 13
7
What is the value of (2 - 0) + (1 - -2 - -2)?
7
Calculate (-3 - 1) + 3 + 2.
1
Evaluate (11 - -1) + (-144 - -134).
2
Calculate 1 + 4 + 1 - 3.
3
What is the value of 3 - (1 - (-2 + (3 - -2)))?
5
Evaluate -1 + (-1 + -2 - -6).
2
What is the value of 5 + -4 + 2 - -2?
5
Evaluate -13 + (4 - (7 + -11)).
-5
What is the value of (-22 - -20) + -1 + 1 + 1?
-1
(-1 - -4) + (-25 - -21)
-1
Evaluate (-2 - (2 - (4 + -4))) + 5.
1
1 - ((3 - -2) + -5 + -2)
3
What is -3 + -5 + -4 - (-6 + 1)?
-7
What is the value of 14 + -11 - (2 - 0 - 1)?
2
Evaluate 1 + -8 + (-6 - -8).
-5
Evaluate -7 - (-20 - -16 - (1 + -1)).
-3
1 - (3 + 5 + -8 - 2)
3
What is -2 + (-15 - -8) + 12 + 1?
4
Calculate (0 - (-1 - 0)) + (4 - 11).
-6
-1 - (8 + -6) - -8
5
23 + -25 - (0 + -6)
4
Calculate -2 - 0 - ((-2 - -4) + -2).
-2
What is the value of 4 + (0 - (6 - 2)) - 2?
-2
What is 7 - (4 - (1 + 0))?
4
3 + (2 - (0 + 0))
5
What is (4 - 7) + 7 - 0?
4
Calculate -3 + (18 - 14) + (-2 - 0).
-1
What is 2 + (0 - (0 + 0))?
2
Calculate (-11 - 0) + 15 - (5 - 0).
-1
Evaluate -1 - 8 - (169 - 183).
5
1 + 1 - (-3 + (-3 - -6))
2
3 + 1 + 0 + -1 + -1
2
(2 - 2) + -4 - 0
-4
What is (8 - (11 + -5)) + -8?
-6
Evaluate 4 + 3 + 6 + -2 + -10.
1
What is the value of (-2 - 3) + (5 - -1) + 2?
3
Calculate -10 - (-7 + -8 + 13).
-8
-5 - (8 + -12 - -1)
-2
What is the value of (-31 - -34) + 0 + 0 - 12?
-9
Calculate -4 + 5 + (-2 - (-4 - 3)).
6
What is 2 - (2 - (3 - 1))?
2
Calculate 3 + (-3 - -3) 